[INFO] fetching crate croncat-agents 1.0.3...
[INFO] checking croncat-agents-1.0.3 against master#e6e4f7ed1589e03bc2f6c5931c1a72e7947e8682 for beta-170-4
[INFO] extracting crate croncat-agents 1.0.3 into /workspace/builds/worker-1-tc2/source
[INFO] validating manifest of crates.io crate croncat-agents 1.0.3 on toolchain e6e4f7ed1589e03bc2f6c5931c1a72e7947e8682
[INFO] running `Command { std: CARGO_HOME="/workspace/cargo-home" RUSTUP_HOME="/workspace/rustup-home" "/workspace/cargo-home/bin/cargo" "+e6e4f7ed1589e03bc2f6c5931c1a72e7947e8682" "metadata" "--manifest-path" "Cargo.toml" "--no-deps", kill_on_drop: false }`
[INFO] started tweaking crates.io crate croncat-agents 1.0.3
[INFO] finished tweaking crates.io crate croncat-agents 1.0.3
[INFO] tweaked toml for crates.io crate croncat-agents 1.0.3 written to /workspace/builds/worker-1-tc2/source/Cargo.toml
[INFO] crate crates.io crate croncat-agents 1.0.3 already has a lockfile, it will not be regenerated
[INFO] running `Command { std: CARGO_HOME="/workspace/cargo-home" RUSTUP_HOME="/workspace/rustup-home" "/workspace/cargo-home/bin/cargo" "+e6e4f7ed1589e03bc2f6c5931c1a72e7947e8682" "fetch" "--manifest-path" "Cargo.toml", kill_on_drop: false }`
[INFO] running `Command { std: "docker" "create" "-v" "/var/lib/crater-agent-workspace/builds/worker-1-tc2/target:/opt/rustwide/target:rw,Z" "-v" "/var/lib/crater-agent-workspace/builds/worker-1-tc2/source:/opt/rustwide/workdir:ro,Z" "-v" "/var/lib/crater-agent-workspace/cargo-home:/opt/rustwide/cargo-home:ro,Z" "-v" "/var/lib/crater-agent-workspace/rustup-home:/opt/rustwide/rustup-home:ro,Z" "-e" "SOURCE_DIR=/opt/rustwide/workdir" "-e" "CARGO_TARGET_DIR=/opt/rustwide/target" "-e" "CARGO_HOME=/opt/rustwide/cargo-home" "-e" "RUSTUP_HOME=/opt/rustwide/rustup-home" "-w" "/opt/rustwide/workdir" "-m" "1610612736" "--user" "0:0" "--network" "none" "ghcr.io/rust-lang/crates-build-env/linux@sha256:19e73879b68f455e41552ea35293514db52ea292d993f571636dbffedb77a1ee" "/opt/rustwide/cargo-home/bin/cargo" "+e6e4f7ed1589e03bc2f6c5931c1a72e7947e8682" "metadata" "--no-deps" "--format-version=1", kill_on_drop: false }`
[INFO] [stdout] e74a45fb3f4e7f2de2ee23d5793521721930c81e5151321092e3e65cea35812c
[INFO] running `Command { std: "docker" "start" "-a" "e74a45fb3f4e7f2de2ee23d5793521721930c81e5151321092e3e65cea35812c", kill_on_drop: false }`
[INFO] running `Command { std: "docker" "inspect" "e74a45fb3f4e7f2de2ee23d5793521721930c81e5151321092e3e65cea35812c", kill_on_drop: false }`
[INFO] running `Command { std: "docker" "rm" "-f" "e74a45fb3f4e7f2de2ee23d5793521721930c81e5151321092e3e65cea35812c", kill_on_drop: false }`
[INFO] [stdout] e74a45fb3f4e7f2de2ee23d5793521721930c81e5151321092e3e65cea35812c
[INFO] running `Command { std: "docker" "create" "-v" "/var/lib/crater-agent-workspace/builds/worker-1-tc2/target:/opt/rustwide/target:rw,Z" "-v" "/var/lib/crater-agent-workspace/builds/worker-1-tc2/source:/opt/rustwide/workdir:ro,Z" "-v" "/var/lib/crater-agent-workspace/cargo-home:/opt/rustwide/cargo-home:ro,Z" "-v" "/var/lib/crater-agent-workspace/rustup-home:/opt/rustwide/rustup-home:ro,Z" "-e" "SOURCE_DIR=/opt/rustwide/workdir" "-e" "CARGO_TARGET_DIR=/opt/rustwide/target" "-e" "CARGO_INCREMENTAL=0" "-e" "RUST_BACKTRACE=full" "-e" "RUSTFLAGS=--cap-lints=forbid" "-e" "RUSTDOCFLAGS=--cap-lints=forbid" "-e" "CARGO_HOME=/opt/rustwide/cargo-home" "-e" "RUSTUP_HOME=/opt/rustwide/rustup-home" "-w" "/opt/rustwide/workdir" "-m" "1610612736" "--user" "0:0" "--network" "none" "ghcr.io/rust-lang/crates-build-env/linux@sha256:19e73879b68f455e41552ea35293514db52ea292d993f571636dbffedb77a1ee" "/opt/rustwide/cargo-home/bin/cargo" "+e6e4f7ed1589e03bc2f6c5931c1a72e7947e8682" "check" "--frozen" "--all" "--all-targets" "--message-format=json", kill_on_drop: false }`
[INFO] [stdout] f75f91683c227446578d844d6f6fc4251bfdb7878e4590c7f05221b91e703e5e
[INFO] running `Command { std: "docker" "start" "-a" "f75f91683c227446578d844d6f6fc4251bfdb7878e4590c7f05221b91e703e5e", kill_on_drop: false }`
[INFO] [stderr]    Compiling proc-macro2 v1.0.56
[INFO] [stderr]    Compiling generic-array v0.14.7
[INFO] [stderr]    Compiling unicode-ident v1.0.8
[INFO] [stderr]    Compiling libc v0.2.142
[INFO] [stderr]     Checking subtle v2.4.1
[INFO] [stderr]     Checking zeroize v1.6.0
[INFO] [stderr]    Compiling serde_derive v1.0.160
[INFO] [stderr]    Compiling syn v1.0.109
[INFO] [stderr]    Compiling serde v1.0.160
[INFO] [stderr]     Checking const-oid v0.9.2
[INFO] [stderr]     Checking base64ct v1.6.0
[INFO] [stderr]     Checking der v0.6.1
[INFO] [stderr]    Compiling ahash v0.7.6
[INFO] [stderr]     Checking base16ct v0.1.1
[INFO] [stderr]     Checking cpufeatures v0.2.7
[INFO] [stderr]    Compiling thiserror v1.0.40
[INFO] [stderr]     Checking byteorder v1.4.3
[INFO] [stderr]    Compiling crunchy v0.2.2
[INFO] [stderr]    Compiling schemars v0.8.12
[INFO] [stderr]     Checking rand_core v0.5.1
[INFO] [stderr]     Checking dyn-clone v1.0.11
[INFO] [stderr]     Checking static_assertions v1.1.0
[INFO] [stderr]     Checking forward_ref v1.0.0
[INFO] [stderr]    Compiling semver v1.0.17
[INFO] [stderr]     Checking uint v0.9.5
[INFO] [stderr]    Compiling num-traits v0.2.15
[INFO] [stderr]    Compiling quote v1.0.26
[INFO] [stderr]     Checking crypto-common v0.1.6
[INFO] [stderr]     Checking block-buffer v0.10.4
[INFO] [stderr]     Checking spki v0.6.0
[INFO] [stderr]     Checking digest v0.9.0
[INFO] [stderr]     Checking digest v0.10.6
[INFO] [stderr]     Checking getrandom v0.2.9
[INFO] [stderr]     Checking block-buffer v0.9.0
[INFO] [stderr]    Compiling syn v2.0.15
[INFO] [stderr]     Checking pkcs8 v0.9.0
[INFO] [stderr]     Checking sha2 v0.9.9
[INFO] [stderr]     Checking rand_core v0.6.4
[INFO] [stderr]     Checking hmac v0.12.1
[INFO] [stderr]     Checking sec1 v0.3.0
[INFO] [stderr]     Checking ff v0.12.1
[INFO] [stderr]     Checking crypto-bigint v0.4.9
[INFO] [stderr]     Checking signature v1.6.4
[INFO] [stderr]     Checking group v0.12.1
[INFO] [stderr]     Checking sha2 v0.10.6
[INFO] [stderr]     Checking hashbrown v0.12.3
[INFO] [stderr]     Checking curve25519-dalek v3.2.0
[INFO] [stderr]    Compiling num-integer v0.1.45
[INFO] [stderr]    Compiling memchr v2.5.0
[INFO] [stderr]     Checking iana-time-zone v0.1.56
[INFO] [stderr]     Checking rfc6979 v0.3.1
[INFO] [stderr]     Checking elliptic-curve v0.12.3
[INFO] [stderr]     Checking ecdsa v0.14.8
[INFO] [stderr]     Checking nom v4.1.1
[INFO] [stderr]     Checking k256 v0.11.6
[INFO] [stderr]     Checking chrono v0.4.23
[INFO] [stderr]     Checking cron_schedule v0.2.3
[INFO] [stderr]    Compiling thiserror-impl v1.0.40
[INFO] [stderr]    Compiling serde_derive_internals v0.26.0
[INFO] [stderr]    Compiling derivative v2.2.0
[INFO] [stderr]    Compiling cosmwasm-derive v1.2.5
[INFO] [stderr]    Compiling cosmwasm-schema-derive v1.2.5
[INFO] [stderr]    Compiling schemars_derive v0.8.12
[INFO] [stderr]     Checking serde_json v1.0.96
[INFO] [stderr]     Checking ed25519-zebra v3.1.0
[INFO] [stderr]     Checking serde-json-wasm v0.5.1
[INFO] [stderr]     Checking serde-cw-value v0.7.0
[INFO] [stderr]     Checking cosmwasm-crypto v1.2.5
[INFO] [stderr]     Checking cosmwasm-std v1.2.5
[INFO] [stderr]     Checking cosmwasm-schema v1.2.5
[INFO] [stderr]     Checking cw-storage-plus v0.16.0
[INFO] [stderr]     Checking cw-storage-plus v1.0.1
[INFO] [stderr]     Checking mod-sdk v1.0.3
[INFO] [stderr]     Checking cw2 v0.16.0
[INFO] [stderr]     Checking cw2 v1.0.1
[INFO] [stderr]     Checking croncat-sdk-factory v1.0.3
[INFO] [stderr]     Checking cw-utils v0.16.0
[INFO] [stderr]     Checking croncat-mod-generic v1.0.3
[INFO] [stderr]     Checking cw20 v0.16.0
[INFO] [stderr]     Checking croncat-sdk-core v1.0.3
[INFO] [stderr]     Checking croncat-sdk-tasks v1.0.3
[INFO] [stderr]     Checking croncat-sdk-agents v1.0.3
[INFO] [stderr]     Checking croncat-sdk-manager v1.0.3
[INFO] [stderr]     Checking croncat-agents v1.0.3 (/opt/rustwide/workdir)
[INFO] [stdout] error[E0432]: unresolved import `cw_multi_test`
[INFO] [stdout]   --> src/tests/common.rs:13:5
[INFO] [stdout]    |
[INFO] [stdout] 13 | use cw_multi_test::{App, AppBuilder, Executor};
[INFO] [stdout]    |     ^^^^^^^^^^^^^ use of undeclared crate or module `cw_multi_test`
[INFO] [stdout] 
[INFO] [stdout] 
[INFO] [stdout] error[E0432]: unresolved import `cw_multi_test`
[INFO] [stdout]  --> src/tests/contracts.rs:3:5
[INFO] [stdout]   |
[INFO] [stdout] 3 | use cw_multi_test::{Contract, ContractWrapper};
[INFO] [stdout]   |     ^^^^^^^^^^^^^ use of undeclared crate or module `cw_multi_test`
[INFO] [stdout] 
[INFO] [stdout] 
[INFO] [stdout] error[E0432]: unresolved import `cw_multi_test`
[INFO] [stdout]   --> src/tests/agent_tests.rs:17:5
[INFO] [stdout]    |
[INFO] [stdout] 17 | use cw_multi_test::{App, AppResponse, Executor};
[INFO] [stdout]    |     ^^^^^^^^^^^^^ use of undeclared crate or module `cw_multi_test`
[INFO] [stdout] 
[INFO] [stdout] 
[INFO] [stdout] error[E0433]: failed to resolve: use of undeclared crate or module `croncat_manager`
[INFO] [stdout]    --> src/tests/common.rs:137:25
[INFO] [stdout]     |
[INFO] [stdout] 137 |         msg: to_binary(&croncat_manager::msg::InstantiateMsg {
[INFO] [stdout]     |                         ^^^^^^^^^^^^^^^ use of undeclared crate or module `croncat_manager`
[INFO] [stdout]     |
[INFO] [stdout] help: there is a crate or module with a similar name
[INFO] [stdout]     |
[INFO] [stdout] 137 |         msg: to_binary(&croncat_sdk_manager::msg::InstantiateMsg {
[INFO] [stdout]     |                         ~~~~~~~~~~~~~~~~~~~
[INFO] [stdout] 
[INFO] [stdout] 
[INFO] [stdout] error[E0433]: failed to resolve: use of undeclared crate or module `croncat_tasks`
[INFO] [stdout]    --> src/tests/common.rs:235:25
[INFO] [stdout]     |
[INFO] [stdout] 235 |         msg: to_binary(&croncat_tasks::msg::InstantiateMsg {
[INFO] [stdout]     |                         ^^^^^^^^^^^^^ use of undeclared crate or module `croncat_tasks`
[INFO] [stdout]     |
[INFO] [stdout] help: there is a crate or module with a similar name
[INFO] [stdout]     |
[INFO] [stdout] 235 |         msg: to_binary(&croncat_sdk_tasks::msg::InstantiateMsg {
[INFO] [stdout]     |                         ~~~~~~~~~~~~~~~~~
[INFO] [stdout] 
[INFO] [stdout] 
[INFO] [stdout] error[E0433]: failed to resolve: use of undeclared crate or module `croncat_factory`
[INFO] [stdout]  --> src/tests/contracts.rs:7:9
[INFO] [stdout]   |
[INFO] [stdout] 7 |         croncat_factory::contract::execute,
[INFO] [stdout]   |         ^^^^^^^^^^^^^^^ use of undeclared crate or module `croncat_factory`
[INFO] [stdout]   |
[INFO] [stdout] help: there is a crate or module with a similar name
[INFO] [stdout]   |
[INFO] [stdout] 7 |         croncat_sdk_factory::contract::execute,
[INFO] [stdout]   |         ~~~~~~~~~~~~~~~~~~~
[INFO] [stdout] 
[INFO] [stdout] 
[INFO] [stdout] error[E0433]: failed to resolve: use of undeclared crate or module `croncat_factory`
[INFO] [stdout]  --> src/tests/contracts.rs:8:9
[INFO] [stdout]   |
[INFO] [stdout] 8 |         croncat_factory::contract::instantiate,
[INFO] [stdout]   |         ^^^^^^^^^^^^^^^ use of undeclared crate or module `croncat_factory`
[INFO] [stdout]   |
[INFO] [stdout] help: there is a crate or module with a similar name
[INFO] [stdout]   |
[INFO] [stdout] 8 |         croncat_sdk_factory::contract::instantiate,
[INFO] [stdout]   |         ~~~~~~~~~~~~~~~~~~~
[INFO] [stdout] 
[INFO] [stdout] 
[INFO] [stdout] error[E0433]: failed to resolve: use of undeclared crate or module `croncat_factory`
[INFO] [stdout]  --> src/tests/contracts.rs:9:9
[INFO] [stdout]   |
[INFO] [stdout] 9 |         croncat_factory::contract::query,
[INFO] [stdout]   |         ^^^^^^^^^^^^^^^ use of undeclared crate or module `croncat_factory`
[INFO] [stdout]   |
[INFO] [stdout] help: there is a crate or module with a similar name
[INFO] [stdout]   |
[INFO] [stdout] 9 |         croncat_sdk_factory::contract::query,
[INFO] [stdout]   |         ~~~~~~~~~~~~~~~~~~~
[INFO] [stdout] 
[INFO] [stdout] 
[INFO] [stdout] error[E0433]: failed to resolve: use of undeclared crate or module `croncat_factory`
[INFO] [stdout]   --> src/tests/contracts.rs:11:17
[INFO] [stdout]    |
[INFO] [stdout] 11 |     .with_reply(croncat_factory::contract::reply);
[INFO] [stdout]    |                 ^^^^^^^^^^^^^^^ use of undeclared crate or module `croncat_factory`
[INFO] [stdout]    |
[INFO] [stdout] help: there is a crate or module with a similar name
[INFO] [stdout]    |
[INFO] [stdout] 11 |     .with_reply(croncat_sdk_factory::contract::reply);
[INFO] [stdout]    |                 ~~~~~~~~~~~~~~~~~~~
[INFO] [stdout] 
[INFO] [stdout] 
[INFO] [stdout] error[E0433]: failed to resolve: use of undeclared crate or module `croncat_tasks`
[INFO] [stdout]   --> src/tests/contracts.rs:17:9
[INFO] [stdout]    |
[INFO] [stdout] 17 |         croncat_tasks::contract::execute,
[INFO] [stdout]    |         ^^^^^^^^^^^^^ use of undeclared crate or module `croncat_tasks`
[INFO] [stdout]    |
[INFO] [stdout] help: there is a crate or module with a similar name
[INFO] [stdout]    |
[INFO] [stdout] 17 |         croncat_sdk_tasks::contract::execute,
[INFO] [stdout]    |         ~~~~~~~~~~~~~~~~~
[INFO] [stdout] 
[INFO] [stdout] 
[INFO] [stdout] error[E0433]: failed to resolve: use of undeclared crate or module `croncat_tasks`
[INFO] [stdout]   --> src/tests/contracts.rs:18:9
[INFO] [stdout]    |
[INFO] [stdout] 18 |         croncat_tasks::contract::instantiate,
[INFO] [stdout]    |         ^^^^^^^^^^^^^ use of undeclared crate or module `croncat_tasks`
[INFO] [stdout]    |
[INFO] [stdout] help: there is a crate or module with a similar name
[INFO] [stdout]    |
[INFO] [stdout] 18 |         croncat_sdk_tasks::contract::instantiate,
[INFO] [stdout]    |         ~~~~~~~~~~~~~~~~~
[INFO] [stdout] 
[INFO] [stdout] 
[INFO] [stdout] error[E0433]: failed to resolve: use of undeclared crate or module `croncat_tasks`
[INFO] [stdout]   --> src/tests/contracts.rs:19:9
[INFO] [stdout]    |
[INFO] [stdout] 19 |         croncat_tasks::contract::query,
[INFO] [stdout]    |         ^^^^^^^^^^^^^ use of undeclared crate or module `croncat_tasks`
[INFO] [stdout]    |
[INFO] [stdout] help: there is a crate or module with a similar name
[INFO] [stdout]    |
[INFO] [stdout] 19 |         croncat_sdk_tasks::contract::query,
[INFO] [stdout]    |         ~~~~~~~~~~~~~~~~~
[INFO] [stdout] 
[INFO] [stdout] 
[INFO] [stdout] error[E0433]: failed to resolve: use of undeclared crate or module `croncat_manager`
[INFO] [stdout]   --> src/tests/contracts.rs:26:9
[INFO] [stdout]    |
[INFO] [stdout] 26 |         croncat_manager::contract::execute,
[INFO] [stdout]    |         ^^^^^^^^^^^^^^^ use of undeclared crate or module `croncat_manager`
[INFO] [stdout]    |
[INFO] [stdout] help: there is a crate or module with a similar name
[INFO] [stdout]    |
[INFO] [stdout] 26 |         croncat_sdk_manager::contract::execute,
[INFO] [stdout]    |         ~~~~~~~~~~~~~~~~~~~
[INFO] [stdout] 
[INFO] [stdout] 
[INFO] [stdout] error[E0433]: failed to resolve: use of undeclared crate or module `croncat_manager`
[INFO] [stdout]   --> src/tests/contracts.rs:27:9
[INFO] [stdout]    |
[INFO] [stdout] 27 |         croncat_manager::contract::instantiate,
[INFO] [stdout]    |         ^^^^^^^^^^^^^^^ use of undeclared crate or module `croncat_manager`
[INFO] [stdout]    |
[INFO] [stdout] help: there is a crate or module with a similar name
[INFO] [stdout]    |
[INFO] [stdout] 27 |         croncat_sdk_manager::contract::instantiate,
[INFO] [stdout]    |         ~~~~~~~~~~~~~~~~~~~
[INFO] [stdout] 
[INFO] [stdout] 
[INFO] [stdout] error[E0433]: failed to resolve: use of undeclared crate or module `croncat_manager`
[INFO] [stdout]   --> src/tests/contracts.rs:28:9
[INFO] [stdout]    |
[INFO] [stdout] 28 |         croncat_manager::contract::query,
[INFO] [stdout]    |         ^^^^^^^^^^^^^^^ use of undeclared crate or module `croncat_manager`
[INFO] [stdout]    |
[INFO] [stdout] help: there is a crate or module with a similar name
[INFO] [stdout]    |
[INFO] [stdout] 28 |         croncat_sdk_manager::contract::query,
[INFO] [stdout]    |         ~~~~~~~~~~~~~~~~~~~
[INFO] [stdout] 
[INFO] [stdout] 
[INFO] [stdout] error[E0433]: failed to resolve: use of undeclared crate or module `croncat_manager`
[INFO] [stdout]   --> src/tests/contracts.rs:30:17
[INFO] [stdout]    |
[INFO] [stdout] 30 |     .with_reply(croncat_manager::contract::reply);
[INFO] [stdout]    |                 ^^^^^^^^^^^^^^^ use of undeclared crate or module `croncat_manager`
[INFO] [stdout]    |
[INFO] [stdout] help: there is a crate or module with a similar name
[INFO] [stdout]    |
[INFO] [stdout] 30 |     .with_reply(croncat_sdk_manager::contract::reply);
[INFO] [stdout]    |                 ~~~~~~~~~~~~~~~~~~~
[INFO] [stdout] 
[INFO] [stdout] 
[INFO] [stdout] error[E0433]: failed to resolve: use of undeclared crate or module `croncat_factory`
[INFO] [stdout]    --> src/tests/agent_tests.rs:281:9
[INFO] [stdout]     |
[INFO] [stdout] 281 |         croncat_factory::ContractError::Unauthorized {},
[INFO] [stdout]     |         ^^^^^^^^^^^^^^^ use of undeclared crate or module `croncat_factory`
[INFO] [stdout]     |
[INFO] [stdout] help: there is a crate or module with a similar name
[INFO] [stdout]     |
[INFO] [stdout] 281 |         croncat_sdk_factory::ContractError::Unauthorized {},
[INFO] [stdout]     |         ~~~~~~~~~~~~~~~~~~~
[INFO] [stdout] help: consider importing this enum
[INFO] [stdout]     |
[INFO] [stdout] 1   + use crate::tests::agent_tests::ContractError;
[INFO] [stdout]     |
[INFO] [stdout] help: if you import `ContractError`, refer to it directly
[INFO] [stdout]     |
[INFO] [stdout] 281 -         croncat_factory::ContractError::Unauthorized {},
[INFO] [stdout] 281 +         ContractError::Unauthorized {},
[INFO] [stdout]     |
[INFO] [stdout] 
[INFO] [stdout] 
[INFO] [stdout] error[E0433]: failed to resolve: use of undeclared crate or module `croncat_manager`
[INFO] [stdout]     --> src/tests/agent_tests.rs:1167:14
[INFO] [stdout]      |
[INFO] [stdout] 1167 |             &croncat_manager::msg::ExecuteMsg::ProxyCall { task_hash: None },
[INFO] [stdout]      |              ^^^^^^^^^^^^^^^ use of undeclared crate or module `croncat_manager`
[INFO] [stdout]      |
[INFO] [stdout] help: there is a crate or module with a similar name
[INFO] [stdout]      |
[INFO] [stdout] 1167 |             &croncat_sdk_manager::msg::ExecuteMsg::ProxyCall { task_hash: None },
[INFO] [stdout]      |              ~~~~~~~~~~~~~~~~~~~
[INFO] [stdout] help: consider importing one of these items
[INFO] [stdout]      |
[INFO] [stdout] 1    + use crate::tests::agent_tests::ExecuteMsg;
[INFO] [stdout]      |
[INFO] [stdout] 1    + use croncat_sdk_agents::msg::ExecuteMsg;
[INFO] [stdout]      |
[INFO] [stdout] help: if you import `ExecuteMsg`, refer to it directly
[INFO] [stdout]      |
[INFO] [stdout] 1167 -             &croncat_manager::msg::ExecuteMsg::ProxyCall { task_hash: None },
[INFO] [stdout] 1167 +             &ExecuteMsg::ProxyCall { task_hash: None },
[INFO] [stdout]      |
[INFO] [stdout] 
[INFO] [stdout] 
[INFO] [stdout] error[E0433]: failed to resolve: use of undeclared crate or module `croncat_tasks`
[INFO] [stdout]     --> src/tests/agent_tests.rs:2350:10
[INFO] [stdout]      |
[INFO] [stdout] 2350 |         &croncat_tasks::msg::ExecuteMsg::CreateTask {
[INFO] [stdout]      |          ^^^^^^^^^^^^^ use of undeclared crate or module `croncat_tasks`
[INFO] [stdout]      |
[INFO] [stdout] help: there is a crate or module with a similar name
[INFO] [stdout]      |
[INFO] [stdout] 2350 |         &croncat_sdk_tasks::msg::ExecuteMsg::CreateTask {
[INFO] [stdout]      |          ~~~~~~~~~~~~~~~~~
[INFO] [stdout] help: consider importing one of these items
[INFO] [stdout]      |
[INFO] [stdout] 1    + use crate::msg::ExecuteMsg;
[INFO] [stdout]      |
[INFO] [stdout] 1    + use croncat_sdk_agents::msg::ExecuteMsg;
[INFO] [stdout]      |
[INFO] [stdout] help: if you import `ExecuteMsg`, refer to it directly
[INFO] [stdout]      |
[INFO] [stdout] 2350 -         &croncat_tasks::msg::ExecuteMsg::CreateTask {
[INFO] [stdout] 2350 +         &ExecuteMsg::CreateTask {
[INFO] [stdout]      |
[INFO] [stdout] 
[INFO] [stdout] 
[INFO] [stdout] error[E0433]: failed to resolve: use of undeclared crate or module `croncat_tasks`
[INFO] [stdout]     --> src/tests/agent_tests.rs:2384:10
[INFO] [stdout]      |
[INFO] [stdout] 2384 |         &croncat_tasks::msg::ExecuteMsg::CreateTask {
[INFO] [stdout]      |          ^^^^^^^^^^^^^ use of undeclared crate or module `croncat_tasks`
[INFO] [stdout]      |
[INFO] [stdout] help: there is a crate or module with a similar name
[INFO] [stdout]      |
[INFO] [stdout] 2384 |         &croncat_sdk_tasks::msg::ExecuteMsg::CreateTask {
[INFO] [stdout]      |          ~~~~~~~~~~~~~~~~~
[INFO] [stdout] help: consider importing one of these items
[INFO] [stdout]      |
[INFO] [stdout] 1    + use crate::msg::ExecuteMsg;
[INFO] [stdout]      |
[INFO] [stdout] 1    + use croncat_sdk_agents::msg::ExecuteMsg;
[INFO] [stdout]      |
[INFO] [stdout] help: if you import `ExecuteMsg`, refer to it directly
[INFO] [stdout]      |
[INFO] [stdout] 2384 -         &croncat_tasks::msg::ExecuteMsg::CreateTask {
[INFO] [stdout] 2384 +         &ExecuteMsg::CreateTask {
[INFO] [stdout]      |
[INFO] [stdout] 
[INFO] [stdout] 
[INFO] [stdout] error[E0433]: failed to resolve: use of undeclared crate or module `croncat_tasks`
[INFO] [stdout]     --> src/tests/agent_tests.rs:2419:10
[INFO] [stdout]      |
[INFO] [stdout] 2419 |         &croncat_tasks::msg::ExecuteMsg::CreateTask {
[INFO] [stdout]      |          ^^^^^^^^^^^^^ use of undeclared crate or module `croncat_tasks`
[INFO] [stdout]      |
[INFO] [stdout] help: there is a crate or module with a similar name
[INFO] [stdout]      |
[INFO] [stdout] 2419 |         &croncat_sdk_tasks::msg::ExecuteMsg::CreateTask {
[INFO] [stdout]      |          ~~~~~~~~~~~~~~~~~
[INFO] [stdout] help: consider importing one of these items
[INFO] [stdout]      |
[INFO] [stdout] 1    + use crate::msg::ExecuteMsg;
[INFO] [stdout]      |
[INFO] [stdout] 1    + use croncat_sdk_agents::msg::ExecuteMsg;
[INFO] [stdout]      |
[INFO] [stdout] help: if you import `ExecuteMsg`, refer to it directly
[INFO] [stdout]      |
[INFO] [stdout] 2419 -         &croncat_tasks::msg::ExecuteMsg::CreateTask {
[INFO] [stdout] 2419 +         &ExecuteMsg::CreateTask {
[INFO] [stdout]      |
[INFO] [stdout] 
[INFO] [stdout] 
[INFO] [stdout] error[E0433]: failed to resolve: use of undeclared crate or module `croncat_factory`
[INFO] [stdout]    --> src/tests/agent_tests.rs:260:22
[INFO] [stdout]     |
[INFO] [stdout] 260 |     let factory_err: croncat_factory::ContractError = app
[INFO] [stdout]     |                      ^^^^^^^^^^^^^^^ use of undeclared crate or module `croncat_factory`
[INFO] [stdout]     |
[INFO] [stdout] help: there is a crate or module with a similar name
[INFO] [stdout]     |
[INFO] [stdout] 260 |     let factory_err: croncat_sdk_factory::ContractError = app
[INFO] [stdout]     |                      ~~~~~~~~~~~~~~~~~~~
[INFO] [stdout] 
[INFO] [stdout] 
[INFO] [stdout] error[E0433]: failed to resolve: use of undeclared crate or module `anyhow`
[INFO] [stdout]     --> src/tests/agent_tests.rs:2220:26
[INFO] [stdout]      |
[INFO] [stdout] 2220 | ) -> Result<AppResponse, anyhow::Error> {
[INFO] [stdout]      |                          ^^^^^^ use of undeclared crate or module `anyhow`
[INFO] [stdout] 
[INFO] [stdout] 
[INFO] [stdout] error[E0433]: failed to resolve: use of undeclared crate or module `anyhow`
[INFO] [stdout]     --> src/tests/agent_tests.rs:2235:26
[INFO] [stdout]      |
[INFO] [stdout] 2235 | ) -> Result<AppResponse, anyhow::Error> {
[INFO] [stdout]      |                          ^^^^^^ use of undeclared crate or module `anyhow`
[INFO] [stdout] 
[INFO] [stdout] 
[INFO] [stdout] error[E0433]: failed to resolve: use of undeclared crate or module `anyhow`
[INFO] [stdout]     --> src/tests/agent_tests.rs:2248:26
[INFO] [stdout]      |
[INFO] [stdout] 2248 | ) -> Result<AppResponse, anyhow::Error> {
[INFO] [stdout]      |                          ^^^^^^ use of undeclared crate or module `anyhow`
[INFO] [stdout] 
[INFO] [stdout] 
[INFO] [stdout] error[E0433]: failed to resolve: use of undeclared crate or module `anyhow`
[INFO] [stdout]     --> src/tests/agent_tests.rs:2275:28
[INFO] [stdout]      |
[INFO] [stdout] 2275 | ) -> Result<AgentResponse, anyhow::Error> {
[INFO] [stdout]      |                            ^^^^^^ use of undeclared crate or module `anyhow`
[INFO] [stdout] 
[INFO] [stdout] 
[INFO] [stdout] error[E0433]: failed to resolve: use of undeclared crate or module `anyhow`
[INFO] [stdout]     --> src/tests/agent_tests.rs:2290:32
[INFO] [stdout]      |
[INFO] [stdout] 2290 | ) -> Result<AgentTaskResponse, anyhow::Error> {
[INFO] [stdout]      |                                ^^^^^^ use of undeclared crate or module `anyhow`
[INFO] [stdout] 
[INFO] [stdout] 
[INFO] [stdout] error[E0433]: failed to resolve: use of undeclared crate or module `anyhow`
[INFO] [stdout]     --> src/tests/agent_tests.rs:2301:78
[INFO] [stdout]      |
[INFO] [stdout] 2301 | fn get_total_tasks(app: &mut App, croncat_agents_addr: &Addr) -> Result<u64, anyhow::Error> {
[INFO] [stdout]      |                                                                              ^^^^^^ use of undeclared crate or module `anyhow`
[INFO] [stdout] 
[INFO] [stdout] 
[INFO] [stdout] error[E0433]: failed to resolve: use of undeclared crate or module `anyhow`
[INFO] [stdout]     --> src/tests/agent_tests.rs:2314:26
[INFO] [stdout]      |
[INFO] [stdout] 2314 | ) -> Result<AppResponse, anyhow::Error> {
[INFO] [stdout]      |                          ^^^^^^ use of undeclared crate or module `anyhow`
[INFO] [stdout] 
[INFO] [stdout] 
[INFO] [stdout] error[E0433]: failed to resolve: use of undeclared crate or module `anyhow`
[INFO] [stdout]     --> src/tests/agent_tests.rs:2328:26
[INFO] [stdout]      |
[INFO] [stdout] 2328 | ) -> Result<AppResponse, anyhow::Error> {
[INFO] [stdout]      |                          ^^^^^^ use of undeclared crate or module `anyhow`
[INFO] [stdout] 
[INFO] [stdout] 
[INFO] [stdout] error: aborting due to 30 previous errors
[INFO] [stdout] 
[INFO] [stdout] 
[INFO] [stdout] Some errors have detailed explanations: E0432, E0433.
[INFO] [stdout] 
[INFO] [stdout] For more information about an error, try `rustc --explain E0432`.
[INFO] [stdout] 
[INFO] [stderr] error: could not compile `croncat-agents` (lib test) due to 31 previous errors
[INFO] [stderr] warning: build failed, waiting for other jobs to finish...
[INFO] running `Command { std: "docker" "inspect" "f75f91683c227446578d844d6f6fc4251bfdb7878e4590c7f05221b91e703e5e", kill_on_drop: false }`
[INFO] running `Command { std: "docker" "rm" "-f" "f75f91683c227446578d844d6f6fc4251bfdb7878e4590c7f05221b91e703e5e", kill_on_drop: false }`
[INFO] [stdout] f75f91683c227446578d844d6f6fc4251bfdb7878e4590c7f05221b91e703e5e
